{"id":4319,"date":"2023-12-18T15:10:52","date_gmt":"2023-12-18T15:10:52","guid":{"rendered":"https:\/\/vstt.ch\/generelle-informationen\/"},"modified":"2025-12-17T09:35:49","modified_gmt":"2025-12-17T09:35:49","slug":"generelle-informationen","status":"publish","type":"page","link":"https:\/\/vstt.ch\/fr\/generelle-informationen\/","title":{"rendered":"Generelle Informationen"},"content":{"rendered":"\t\t<div data-elementor-type=\"wp-page\" data-elementor-id=\"4319\" class=\"elementor elementor-4319 elementor-4310\">\n\t\t\t\t<div class=\"elementor-element elementor-element-231318f e-flex e-con-boxed e-con e-parent\" data-id=\"231318f\" data-element_type=\"container\" data-settings=\"{&quot;grandconference_ext_is_background_parallax&quot;:&quot;false&quot;,&quot;grandconference_ext_is_background_backdrop&quot;:&quot;false&quot;,&quot;grandconference_ext_is_background_on_scroll&quot;:&quot;false&quot;,&quot;grandconference_ext_link_sidemenu&quot;:&quot;false&quot;,&quot;grandconference_ext_link_fullmenu&quot;:&quot;false&quot;,&quot;grandconference_ext_link_closed_fullmenu&quot;:&quot;false&quot;,&quot;grandconference_ext_link_closed_speaker&quot;:&quot;false&quot;,&quot;grandconference_ext_is_sticky&quot;:&quot;false&quot;,&quot;grandconference_ext_is_scrollme&quot;:&quot;false&quot;,&quot;grandconference_ext_is_smoove&quot;:&quot;false&quot;,&quot;grandconference_ext_is_parallax_mouse&quot;:&quot;false&quot;,&quot;grandconference_ext_is_infinite&quot;:&quot;false&quot;,&quot;grandconference_ext_is_fadeout_animation&quot;:&quot;false&quot;,&quot;grandconference_ext_mobile_static&quot;:&quot;false&quot;}\">\n\t\t\t\t\t<div class=\"e-con-inner\">\n\t\t\t\t<div class=\"elementor-element elementor-element-021d923 elementor-widget elementor-widget-text-editor\" data-id=\"021d923\" data-element_type=\"widget\" data-settings=\"{&quot;grandconference_ext_link_sidemenu&quot;:&quot;false&quot;,&quot;grandconference_ext_link_fullmenu&quot;:&quot;false&quot;,&quot;grandconference_ext_link_closed_fullmenu&quot;:&quot;false&quot;,&quot;grandconference_ext_link_closed_speaker&quot;:&quot;false&quot;,&quot;grandconference_ext_is_sticky&quot;:&quot;false&quot;,&quot;grandconference_ext_is_scrollme&quot;:&quot;false&quot;,&quot;grandconference_ext_is_smoove&quot;:&quot;false&quot;,&quot;grandconference_ext_is_parallax_mouse&quot;:&quot;false&quot;,&quot;grandconference_ext_is_infinite&quot;:&quot;false&quot;,&quot;grandconference_ext_is_fadeout_animation&quot;:&quot;false&quot;,&quot;grandconference_ext_mobile_static&quot;:&quot;false&quot;}\" data-widget_type=\"text-editor.default\">\n\t\t\t\t<div class=\"elementor-widget-container\">\n\t\t\t\t\t\t\t\t\t<h1>Renseignements pratiques<\/h1><p><strong>Centre de Congr\u00e8s<\/strong><br \/>Festhalle Bern<br \/>Stage \/ Deck<br \/>Papierm\u00fchlestrasse 50<br \/>3014 Berne<\/p><p>Veuillez noter que les <strong>chiens ne sont pas autoris\u00e9s dans les b\u00e2timents de la Festhalle Bern<\/strong>. Exception : les chiens d&rsquo;aveugles munis d&rsquo;une carte correspondante.<\/p><p><a href=\"https:\/\/bernexpo.ch\/fr\/anreise-bern\" target=\"_blank\" rel=\"noopener\"><b>Acc\u00e8s<\/b><\/a><br \/>Nous vous recommandons d&rsquo;utiliser les <a href=\"https:\/\/www.sbb.ch\/fr\" target=\"_blank\" rel=\"noopener\">transports publics<\/a>.<\/p><p><strong>Parking<\/strong><br \/>Le BERNEXPO dispose d&rsquo;un parking couvert avec un nombre suffisant de places de stationnement. Le parking permet d&rsquo;acc\u00e9der \u00e0 la salle des f\u00eates en 2 minutes \u00e0 pied.<\/p><p><strong>Amphith\u00e9\u00e2tre<\/strong><br \/>Les \u00e9v\u00e8nements se d\u00e9rouleront dans diff\u00e9rentes salles. La r\u00e9partition des salles en fonction des\u00a0manifestations est indiqu\u00e9e sur la grille des programmes et sur les panneaux d\u2019affichage du b\u00e2timent.<\/p><p><strong>Heures de formation (HF)<\/strong><br \/>Des heures de formation (HF) seront attribu\u00e9s pour la participation aux journ\u00e9es suisses des v\u00e9t\u00e9rinaires aux diff\u00e9rentes sections participantes qui concourent aux \u201cTracks\u201d des 07 et 08 mai 2026. Pour obtenir les heures de formation (HF), il est obligatoire d&rsquo;indiquer le num\u00e9ro de membre SVS lors de l&rsquo;inscription en ligne. Les certificats correspondants seront envoy\u00e9s aux participants par e-mail apr\u00e8s le congr\u00e8s.<\/p><p>Jeudi, 07 mai 2026 :<br \/>SVK \/ ASMPA: 6 HF<br \/>SVW \/ ASMR: 8 HF<br \/>SVSM \/ ASMP: 8 HF<br \/>SVPM \/ ASME: 8 HF<br \/>camvet.ch: 5 HF<br \/>SVS Journ\u00e9e Francophone: 5 HF<br \/>SVVLD \/ ASVLD: 6 HF<br \/>TPA \/ AMV: 6 HF(WTPA)<\/p><div>Vendredi, 08 mai 2026 :<\/div><div><div><div>SVK \/ ASMPA: 6 HF<\/div><div>SVW \/ ASMR: 8 HF<\/div><div>SVSM \/ ASMP: 8 HF<\/div><div>camvet.ch: 4 HF<br \/><span style=\"font-size: 15px; letter-spacing: 0px;\">GST \/ SVS: 6 HF<br \/><\/span><span style=\"font-size: 15px; letter-spacing: 0px;\">SVVLD \/ ASVLD: 5 HF<br \/><\/span><span style=\"font-size: 15px; letter-spacing: 0px;\">STVV: 6 HF<\/span><\/div><\/div><\/div><p><strong><br \/>Acc\u00e8s Internet<br \/><\/strong>Une connexion wifi gratuite \u201cBERNEXPO_Free\u201d avec acc\u00e8s internet est mise \u00e0 la disposition des participants. Une fois connect\u00e9 au r\u00e9seau, ouvrez votre navigateur internet et utilisez l\u2019option \u201cFree SMS\u201d pour vous connecter \u00e0 l\u2019internet.<\/p><p><strong>Repas et boissons<br \/><\/strong>Toutes les pauses caf\u00e9s et tous les repas (sous forme de buffet) auront lieu les 07 et 08 mai 2026 au sein de l&rsquo;exposition industrielle (Cube et Foyer).<\/p><p><strong>Exposition industrielle<br \/><\/strong>L\u2019exposition industrielle aura lieu au Cube et Foyer. Elle ouvrira ses portes le 07 mai 2026 \u00e0 10 h, jusqu&rsquo;au 08 mai 2026 \u00e0 16 h.<\/p><p><strong>Conditions d\u2018annulation de l\u2018enregistrement<\/strong><br \/>Jusqu\u2019au 31\/03\/2026 (date du cachet de la poste ou de r\u00e9ception du courrier \u00e9lectronique), les d\u00e9penses des participants leur seront rembours\u00e9es, moyennant des frais de CHF 80.-. Apr\u00e8s cette date, aucun remboursement ne sera effectu\u00e9.\u00a0<br \/>Les annulations sont \u00e0 renvoyer par e-mail \u00e0 l\u2019adresse\u00a0<a href=\"mailto:stt26@viva-management.ch\">stt26@viva-management.ch<\/a> ou par \u00e9crit \u00e0 Viva Management GmbH, STT 2026, Kramgasse 16, 3011 Berne, Suisse. Les remboursements seront cr\u00e9dit\u00e9s sur carte de cr\u00e9dit ou par virement bancaire.<\/p><table><tbody><tr><td colspan=\"2\"><p><strong>Contact pendant l&rsquo;\u00e9v\u00e8nement:<\/strong><br \/>Le secr\u00e9tariat du congr\u00e8s sera accessible aux horaires suivants:<\/p><\/td><\/tr><tr><td><p>06 mai 2026<br \/>07 \u2013 08 mai 2026<br \/>Tel<br \/>E-Mail<\/p><\/td><td><p>10 h 00 \u201317 h 00 Uhr<br \/>07\u00a0h 45 \u201317\u00a0h\u00a015 Uhr<br \/>++41 (0)79 837 73 08<br \/><a href=\"mailto:stt26@viva-management.ch\">stt26@viva-management.ch<\/a><\/p><\/td><\/tr><\/tbody><\/table>\t\t\t\t\t\t\t\t<\/div>\n\t\t\t\t<\/div>\n\t\t\t\t\t<\/div>\n\t\t\t\t<\/div>\n\t\t\t\t<\/div>\n\t\t","protected":false},"excerpt":{"rendered":"<p>Renseignements pratiques Centre de Congr\u00e8sFesthalle BernStage \/ DeckPapierm\u00fchlestrasse 503014 Berne Veuillez noter que les chiens ne sont pas autoris\u00e9s dans les b\u00e2timents de la Festhalle Bern. Exception : les chiens d&rsquo;aveugles munis d&rsquo;une carte correspondante. Acc\u00e8sNous vous recommandons d&rsquo;utiliser les [&hellip;]<\/p>\n","protected":false},"author":1,"featured_media":0,"parent":0,"menu_order":0,"comment_status":"closed","ping_status":"closed","template":"","meta":{"_monsterinsights_skip_tracking":false,"_monsterinsights_sitenote_active":false,"_monsterinsights_sitenote_note":"","_monsterinsights_sitenote_category":0,"footnotes":""},"class_list":["post-4319","page","type-page","status-publish","hentry"],"_links":{"self":[{"href":"https:\/\/vstt.ch\/fr\/wp-json\/wp\/v2\/pages\/4319","targetHints":{"allow":["GET"]}}],"collection":[{"href":"https:\/\/vstt.ch\/fr\/wp-json\/wp\/v2\/pages"}],"about":[{"href":"https:\/\/vstt.ch\/fr\/wp-json\/wp\/v2\/types\/page"}],"author":[{"embeddable":true,"href":"https:\/\/vstt.ch\/fr\/wp-json\/wp\/v2\/users\/1"}],"replies":[{"embeddable":true,"href":"https:\/\/vstt.ch\/fr\/wp-json\/wp\/v2\/comments?post=4319"}],"version-history":[{"count":70,"href":"https:\/\/vstt.ch\/fr\/wp-json\/wp\/v2\/pages\/4319\/revisions"}],"predecessor-version":[{"id":7010,"href":"https:\/\/vstt.ch\/fr\/wp-json\/wp\/v2\/pages\/4319\/revisions\/7010"}],"wp:attachment":[{"href":"https:\/\/vstt.ch\/fr\/wp-json\/wp\/v2\/media?parent=4319"}],"curies":[{"name":"wp","href":"https:\/\/api.w.org\/{rel}","templated":true}]}}

<div data-elementor-type="wp-page" data-elementor-id="4319" class="elementor elementor-4319 elementor-4310">
				<div class="elementor-element elementor-element-231318f e-flex e-con-boxed e-con e-parent" data-id="231318f" data-element_type="container" data-settings="{&quot;grandconference_ext_is_background_parallax&quot;:&quot;false&quot;,&quot;grandconference_ext_is_background_backdrop&quot;:&quot;false&quot;,&quot;grandconference_ext_is_background_on_scroll&quot;:&quot;false&quot;,&quot;grandconference_ext_link_sidemenu&quot;:&quot;false&quot;,&quot;grandconference_ext_link_fullmenu&quot;:&quot;false&quot;,&quot;grandconference_ext_link_closed_fullmenu&quot;:&quot;false&quot;,&quot;grandconference_ext_link_closed_speaker&quot;:&quot;false&quot;,&quot;grandconference_ext_is_sticky&quot;:&quot;false&quot;,&quot;grandconference_ext_is_scrollme&quot;:&quot;false&quot;,&quot;grandconference_ext_is_smoove&quot;:&quot;false&quot;,&quot;grandconference_ext_is_parallax_mouse&quot;:&quot;false&quot;,&quot;grandconference_ext_is_infinite&quot;:&quot;false&quot;,&quot;grandconference_ext_is_fadeout_animation&quot;:&quot;false&quot;,&quot;grandconference_ext_mobile_static&quot;:&quot;false&quot;}">
					<div class="e-con-inner">
				<div class="elementor-element elementor-element-021d923 elementor-widget elementor-widget-text-editor" data-id="021d923" data-element_type="widget" data-settings="{&quot;grandconference_ext_link_sidemenu&quot;:&quot;false&quot;,&quot;grandconference_ext_link_fullmenu&quot;:&quot;false&quot;,&quot;grandconference_ext_link_closed_fullmenu&quot;:&quot;false&quot;,&quot;grandconference_ext_link_closed_speaker&quot;:&quot;false&quot;,&quot;grandconference_ext_is_sticky&quot;:&quot;false&quot;,&quot;grandconference_ext_is_scrollme&quot;:&quot;false&quot;,&quot;grandconference_ext_is_smoove&quot;:&quot;false&quot;,&quot;grandconference_ext_is_parallax_mouse&quot;:&quot;false&quot;,&quot;grandconference_ext_is_infinite&quot;:&quot;false&quot;,&quot;grandconference_ext_is_fadeout_animation&quot;:&quot;false&quot;,&quot;grandconference_ext_mobile_static&quot;:&quot;false&quot;}" data-widget_type="text-editor.default">
				<div class="elementor-widget-container">
									<h1>Renseignements pratiques</h1><p><strong>Centre de Congrès</strong><br />Festhalle Bern<br />Stage / Deck<br />Papiermühlestrasse 50<br />3014 Berne</p><p>Veuillez noter que les <strong>chiens ne sont pas autorisés dans les bâtiments de la Festhalle Bern</strong>. Exception : les chiens d&rsquo;aveugles munis d&rsquo;une carte correspondante.</p><p><a href="https://bernexpo.ch/fr/anreise-bern" target="_blank" rel="noopener"><b>Accès</b></a><br />Nous vous recommandons d&rsquo;utiliser les <a href="https://www.sbb.ch/fr" target="_blank" rel="noopener">transports publics</a>.</p><p><strong>Parking</strong><br />Le BERNEXPO dispose d&rsquo;un parking couvert avec un nombre suffisant de places de stationnement. Le parking permet d&rsquo;accéder à la salle des fêtes en 2 minutes à pied.</p><p><strong>Amphithéâtre</strong><br />Les évènements se dérouleront dans différentes salles. La répartition des salles en fonction des manifestations est indiquée sur la grille des programmes et sur les panneaux d’affichage du bâtiment.</p><p><strong>Heures de formation (HF)</strong><br />Des heures de formation (HF) seront attribués pour la participation aux journées suisses des vétérinaires aux différentes sections participantes qui concourent aux “Tracks” des 07 et 08 mai 2026. Pour obtenir les heures de formation (HF), il est obligatoire d&rsquo;indiquer le numéro de membre SVS lors de l&rsquo;inscription en ligne. Les certificats correspondants seront envoyés aux participants par e-mail après le congrès.</p><p>Jeudi, 07 mai 2026 :<br />SVK / ASMPA: 6 HF<br />SVW / ASMR: 8 HF<br />SVSM / ASMP: 8 HF<br />SVPM / ASME: 8 HF<br />camvet.ch: 5 HF<br />SVS Journée Francophone: 5 HF<br />SVVLD / ASVLD: 6 HF<br />TPA / AMV: 6 HF(WTPA)</p><div>Vendredi, 08 mai 2026 :</div><div><div><div>SVK / ASMPA: 6 HF</div><div>SVW / ASMR: 8 HF</div><div>SVSM / ASMP: 8 HF</div><div>camvet.ch: 4 HF<br /><span style="font-size: 15px; letter-spacing: 0px;">GST / SVS: 6 HF<br /></span><span style="font-size: 15px; letter-spacing: 0px;">SVVLD / ASVLD: 5 HF<br /></span><span style="font-size: 15px; letter-spacing: 0px;">STVV: 6 HF</span></div></div></div><p><strong><br />Accès Internet<br /></strong>Une connexion wifi gratuite “BERNEXPO_Free” avec accès internet est mise à la disposition des participants. Une fois connecté au réseau, ouvrez votre navigateur internet et utilisez l’option “Free SMS” pour vous connecter à l’internet.</p><p><strong>Repas et boissons<br /></strong>Toutes les pauses cafés et tous les repas (sous forme de buffet) auront lieu les 07 et 08 mai 2026 au sein de l&rsquo;exposition industrielle (Cube et Foyer).</p><p><strong>Exposition industrielle<br /></strong>L’exposition industrielle aura lieu au Cube et Foyer. Elle ouvrira ses portes le 07 mai 2026 à 10 h, jusqu&rsquo;au 08 mai 2026 à 16 h.</p><p><strong>Conditions d‘annulation de l‘enregistrement</strong><br />Jusqu’au 31/03/2026 (date du cachet de la poste ou de réception du courrier électronique), les dépenses des participants leur seront remboursées, moyennant des frais de CHF 80.-. Après cette date, aucun remboursement ne sera effectué. <br />Les annulations sont à renvoyer par e-mail à l’adresse <a href="mailto:stt26@viva-management.ch">stt26@viva-management.ch</a> ou par écrit à Viva Management GmbH, STT 2026, Kramgasse 16, 3011 Berne, Suisse. Les remboursements seront crédités sur carte de crédit ou par virement bancaire.</p><table><tbody><tr><td colspan="2"><p><strong>Contact pendant l&rsquo;évènement:</strong><br />Le secrétariat du congrès sera accessible aux horaires suivants:</p></td></tr><tr><td><p>06 mai 2026<br />07 – 08 mai 2026<br />Tel<br />E-Mail</p></td><td><p>10 h 00 –17 h 00 Uhr<br />07 h 45 –17 h 15 Uhr<br />++41 (0)79 837 73 08<br /><a href="mailto:stt26@viva-management.ch">stt26@viva-management.ch</a></p></td></tr></tbody></table>								</div>
				</div>
					</div>
				</div>
				</div>

<p>Renseignements pratiques Centre de CongrèsFesthalle BernStage / DeckPapiermühlestrasse 503014 Berne Veuillez noter que les chiens ne sont pas autorisés dans les bâtiments de la Festhalle Bern. Exception : les chiens d&rsquo;aveugles munis d&rsquo;une carte correspondante. AccèsNous vous recommandons d&rsquo;utiliser les [&hellip;]</p>
